{"id":134,"date":"2024-04-01T13:05:49","date_gmt":"2024-04-01T13:05:49","guid":{"rendered":"https:\/\/elsdyrlokken.dk\/?page_id=134"},"modified":"2025-09-20T12:46:03","modified_gmt":"2025-09-20T12:46:03","slug":"galleri-fra-vores-andelsboligforening","status":"publish","type":"page","link":"https:\/\/elsdyrlokken.dk\/?page_id=134","title":{"rendered":"Galleri"},"content":{"rendered":"\n<p><em>Siden tilf\u00f8res l\u00f8bende nye billeder.<\/em><\/p>\n\n\n\n<h2 class=\"wp-block-heading\">Den Private Andelsboligforening Elsdyrl\u00f8kken findes inden for den gule markering<\/h2>\n\n\n\n<figure class=\"wp-block-image size-full is-resized\"><img loading=\"lazy\" decoding=\"async\" width=\"717\" height=\"626\" src=\"https:\/\/elsdyrlokken.dk\/wp-content\/uploads\/2024\/04\/DPAE-Luft-2024-3.png\" alt=\"\" class=\"wp-image-151\" style=\"width:568px;height:auto\" srcset=\"https:\/\/elsdyrlokken.dk\/wp-content\/uploads\/2024\/04\/DPAE-Luft-2024-3.png 717w, https:\/\/elsdyrlokken.dk\/wp-content\/uploads\/2024\/04\/DPAE-Luft-2024-3-300x262.png 300w\" sizes=\"auto, (max-width: 717px) 100vw, 717px\" \/><\/figure>\n\n\n\n<h2 class=\"wp-block-heading\">Andelsboliger p\u00e5 110 m2  &#8211; to plan<\/h2>\n\n\n\n<figure class=\"wp-block-image size-large is-resized\"><img loading=\"lazy\" decoding=\"async\" width=\"1024\" height=\"614\" src=\"https:\/\/elsdyrlokken.dk\/wp-content\/uploads\/2024\/05\/cropped-DPAE-110-m2-scaled-1-1024x614.jpg\" alt=\"\" class=\"wp-image-162\" style=\"width:569px;height:auto\" srcset=\"https:\/\/elsdyrlokken.dk\/wp-content\/uploads\/2024\/05\/cropped-DPAE-110-m2-scaled-1-1024x614.jpg 1024w, https:\/\/elsdyrlokken.dk\/wp-content\/uploads\/2024\/05\/cropped-DPAE-110-m2-scaled-1-300x180.jpg 300w, https:\/\/elsdyrlokken.dk\/wp-content\/uploads\/2024\/05\/cropped-DPAE-110-m2-scaled-1-768x461.jpg 768w, https:\/\/elsdyrlokken.dk\/wp-content\/uploads\/2024\/05\/cropped-DPAE-110-m2-scaled-1-1536x922.jpg 1536w, https:\/\/elsdyrlokken.dk\/wp-content\/uploads\/2024\/05\/cropped-DPAE-110-m2-scaled-1.jpg 2000w\" sizes=\"auto, (max-width: 767px) 89vw, (max-width: 1000px) 54vw, (max-width: 1071px) 543px, 580px\" \/><\/figure>\n\n\n\n<h2 class=\"wp-block-heading\">Stort gr\u00f8nt omr\u00e5de i rolige omgivelser &#8211; til hygge, aktiviteter og afslapning<\/h2>\n\n\n\n<figure class=\"wp-block-image size-large is-resized\"><img loading=\"lazy\" decoding=\"async\" width=\"1024\" height=\"452\" src=\"https:\/\/elsdyrlokken.dk\/wp-content\/uploads\/2024\/05\/DPAE-Groenne-omraader-1024x452.jpg\" alt=\"\" class=\"wp-image-172\" style=\"width:568px;height:auto\" srcset=\"https:\/\/elsdyrlokken.dk\/wp-content\/uploads\/2024\/05\/DPAE-Groenne-omraader-1024x452.jpg 1024w, https:\/\/elsdyrlokken.dk\/wp-content\/uploads\/2024\/05\/DPAE-Groenne-omraader-300x133.jpg 300w, https:\/\/elsdyrlokken.dk\/wp-content\/uploads\/2024\/05\/DPAE-Groenne-omraader-768x339.jpg 768w, https:\/\/elsdyrlokken.dk\/wp-content\/uploads\/2024\/05\/DPAE-Groenne-omraader-1536x678.jpg 1536w, https:\/\/elsdyrlokken.dk\/wp-content\/uploads\/2024\/05\/DPAE-Groenne-omraader.jpg 1920w\" sizes=\"auto, (max-width: 767px) 89vw, (max-width: 1000px) 54vw, (max-width: 1071px) 543px, 580px\" \/><\/figure>\n\n\n\n<h2 class=\"wp-block-heading\">Andelsboliger p\u00e5 91 m2  &#8211; et plan<\/h2>\n\n\n\n<figure class=\"wp-block-image size-large is-resized\"><img loading=\"lazy\" decoding=\"async\" width=\"1024\" height=\"452\" src=\"https:\/\/elsdyrlokken.dk\/wp-content\/uploads\/2024\/05\/DPAE-91-m2-1024x452.jpg\" alt=\"\" class=\"wp-image-173\" style=\"width:568px;height:auto\" srcset=\"https:\/\/elsdyrlokken.dk\/wp-content\/uploads\/2024\/05\/DPAE-91-m2-1024x452.jpg 1024w, https:\/\/elsdyrlokken.dk\/wp-content\/uploads\/2024\/05\/DPAE-91-m2-300x133.jpg 300w, https:\/\/elsdyrlokken.dk\/wp-content\/uploads\/2024\/05\/DPAE-91-m2-768x339.jpg 768w, https:\/\/elsdyrlokken.dk\/wp-content\/uploads\/2024\/05\/DPAE-91-m2-1536x678.jpg 1536w, https:\/\/elsdyrlokken.dk\/wp-content\/uploads\/2024\/05\/DPAE-91-m2.jpg 1920w\" sizes=\"auto, (max-width: 767px) 89vw, (max-width: 1000px) 54vw, (max-width: 1071px) 543px, 580px\" \/><\/figure>\n\n\n\n<h2 class=\"wp-block-heading\">Andelsboliger p\u00e5 64 m2 &#8211; et plan<\/h2>\n\n\n\n<figure class=\"wp-block-image size-large is-resized\"><img loading=\"lazy\" decoding=\"async\" width=\"1024\" height=\"770\" src=\"https:\/\/elsdyrlokken.dk\/wp-content\/uploads\/2024\/05\/DPAE-65-m2-1024x770.jpg\" alt=\"\" class=\"wp-image-176\" style=\"width:563px;height:auto\" srcset=\"https:\/\/elsdyrlokken.dk\/wp-content\/uploads\/2024\/05\/DPAE-65-m2-1024x770.jpg 1024w, https:\/\/elsdyrlokken.dk\/wp-content\/uploads\/2024\/05\/DPAE-65-m2-300x226.jpg 300w, https:\/\/elsdyrlokken.dk\/wp-content\/uploads\/2024\/05\/DPAE-65-m2-768x578.jpg 768w, https:\/\/elsdyrlokken.dk\/wp-content\/uploads\/2024\/05\/DPAE-65-m2-1536x1155.jpg 1536w, https:\/\/elsdyrlokken.dk\/wp-content\/uploads\/2024\/05\/DPAE-65-m2-2048x1540.jpg 2048w\" sizes=\"auto, (max-width: 767px) 89vw, (max-width: 1000px) 54vw, (max-width: 1071px) 543px, 580px\" \/><\/figure>\n\n\n\n<figure class=\"wp-block-image size-large\"><img loading=\"lazy\" decoding=\"async\" width=\"1024\" height=\"770\" src=\"https:\/\/elsdyrlokken.dk\/wp-content\/uploads\/2025\/09\/Nyt-party-telt-til-foreningen-1024x770.jpg\" alt=\"\" class=\"wp-image-214\" srcset=\"https:\/\/elsdyrlokken.dk\/wp-content\/uploads\/2025\/09\/Nyt-party-telt-til-foreningen-1024x770.jpg 1024w, https:\/\/elsdyrlokken.dk\/wp-content\/uploads\/2025\/09\/Nyt-party-telt-til-foreningen-300x226.jpg 300w, https:\/\/elsdyrlokken.dk\/wp-content\/uploads\/2025\/09\/Nyt-party-telt-til-foreningen-768x578.jpg 768w, https:\/\/elsdyrlokken.dk\/wp-content\/uploads\/2025\/09\/Nyt-party-telt-til-foreningen-1536x1155.jpg 1536w, https:\/\/elsdyrlokken.dk\/wp-content\/uploads\/2025\/09\/Nyt-party-telt-til-foreningen-2048x1540.jpg 2048w\" sizes=\"auto, (max-width: 767px) 89vw, (max-width: 1000px) 54vw, (max-width: 1071px) 543px, 580px\" \/><figcaption class=\"wp-element-caption\"><strong>Nyt partytelt kan benyttes af foreningens medlemmer<\/strong><br><strong><br><img decoding=\"async\" src=\"https:\/\/elsdyrlokken.dk\/wp-content\/uploads\/2024\/05\/DPAE-65-m2-1024x770.jpg\" alt=\"\"><\/strong><\/figcaption><\/figure>\n\n\n\n<p>Alle boliger har redskabsrum og de fleste egen carport<\/p>\n\n\n\n<p><\/p>\n","protected":false},"excerpt":{"rendered":"<p>Siden tilf\u00f8res l\u00f8bende nye billeder. Den Private Andelsboligforening Elsdyrl\u00f8kken findes inden for den gule markering Andelsboliger p\u00e5 110 m2 &#8211; to plan Stort gr\u00f8nt omr\u00e5de i rolige omgivelser &#8211; til hygge, aktiviteter og afslapning Andelsboliger p\u00e5 91 m2 &#8211; et plan Andelsboliger p\u00e5 64 m2 &#8211; et plan Alle boliger har redskabsrum og de fleste &hellip; <\/p>\n<p class=\"link-more\"><a href=\"https:\/\/elsdyrlokken.dk\/?page_id=134\" class=\"more-link\">L\u00e6s videre<span class=\"screen-reader-text\"> &#8220;Galleri&#8221;<\/span><\/a><\/p>\n","protected":false},"author":1,"featured_media":0,"parent":0,"menu_order":0,"comment_status":"closed","ping_status":"closed","template":"","meta":{"footnotes":""},"class_list":["post-134","page","type-page","status-publish","hentry"],"_links":{"self":[{"href":"https:\/\/elsdyrlokken.dk\/index.php?rest_route=\/wp\/v2\/pages\/134","targetHints":{"allow":["GET"]}}],"collection":[{"href":"https:\/\/elsdyrlokken.dk\/index.php?rest_route=\/wp\/v2\/pages"}],"about":[{"href":"https:\/\/elsdyrlokken.dk\/index.php?rest_route=\/wp\/v2\/types\/page"}],"author":[{"embeddable":true,"href":"https:\/\/elsdyrlokken.dk\/index.php?rest_route=\/wp\/v2\/users\/1"}],"replies":[{"embeddable":true,"href":"https:\/\/elsdyrlokken.dk\/index.php?rest_route=%2Fwp%2Fv2%2Fcomments&post=134"}],"version-history":[{"count":15,"href":"https:\/\/elsdyrlokken.dk\/index.php?rest_route=\/wp\/v2\/pages\/134\/revisions"}],"predecessor-version":[{"id":218,"href":"https:\/\/elsdyrlokken.dk\/index.php?rest_route=\/wp\/v2\/pages\/134\/revisions\/218"}],"wp:attachment":[{"href":"https:\/\/elsdyrlokken.dk\/index.php?rest_route=%2Fwp%2Fv2%2Fmedia&parent=134"}],"curies":[{"name":"wp","href":"https:\/\/api.w.org\/{rel}","templated":true}]}}