{"id":13,"date":"2020-10-09T12:08:07","date_gmt":"2020-10-09T12:08:07","guid":{"rendered":"http:\/\/www.elsdyrlokken.dk\/?page_id=13"},"modified":"2024-05-15T12:57:34","modified_gmt":"2024-05-15T12:57:34","slug":"om","status":"publish","type":"page","link":"https:\/\/elsdyrlokken.dk\/?page_id=13","title":{"rendered":"Referater og Vedt\u00e6gter"},"content":{"rendered":"\n<p class=\"has-vivid-green-cyan-background-color has-background\">PDF Dokumenterne hentes fra en ekstern BOX server.<\/p>\n\n\n\n<p class=\"has-vivid-green-cyan-background-color has-background\">Tryk p\u00e5 titlen, s\u00e5 \u00e5bnes dokumentet i denne fane, brug browser pilene &lt;&#8211; &#8211;&gt;til at vende tilbage til denne side.<\/p>\n\n\n\n<div class=\"wp-block-file\">\n<a href=\"https:\/\/app.box.com\/s\/hxciitus8s3kzkbpik74wtz4qgzpe86j\">Vedt\u00e6gter<\/a>\n<\/div>\n\n\n\n<div class=\"wp-block-file\">\n<a href=\"https:\/\/app.box.com\/s\/vdq44shlekqa7yjpvnzu7xbcjmkxlvbv\">Foreningens bog<\/a>\n<\/div>\n\n\n\n<div class=\"wp-block-file\">\n<a href=\"https:\/\/app.box.com\/s\/gt2kh1a81x5507a67728wmxi0fssa5dx\">Aktivitets kalender<\/a><\/div>\n\n\n\n<div class=\"wp-block-file\">\n<a href=\"https:\/\/app.box.com\/s\/zph6mtsx8eve2n8nhh953t7vvxbjqv84\">Referat fra sidste Bestyrelsesm\u00f8de. <\/a><\/div>\n\n\n\n\n\n<p><\/p>\n","protected":false},"excerpt":{"rendered":"<p>PDF Dokumenterne hentes fra en ekstern BOX server. Tryk p\u00e5 titlen, s\u00e5 \u00e5bnes dokumentet i denne fane, brug browser pilene &lt;&#8211; &#8211;&gt;til at vende tilbage til denne side. Vedt\u00e6gter Foreningens bog Aktivitets kalender Referat fra sidste Bestyrelsesm\u00f8de.<\/p>\n","protected":false},"author":1,"featured_media":0,"parent":0,"menu_order":0,"comment_status":"closed","ping_status":"closed","template":"","meta":{"footnotes":""},"class_list":["post-13","page","type-page","status-publish","hentry"],"_links":{"self":[{"href":"https:\/\/elsdyrlokken.dk\/index.php?rest_route=\/wp\/v2\/pages\/13","targetHints":{"allow":["GET"]}}],"collection":[{"href":"https:\/\/elsdyrlokken.dk\/index.php?rest_route=\/wp\/v2\/pages"}],"about":[{"href":"https:\/\/elsdyrlokken.dk\/index.php?rest_route=\/wp\/v2\/types\/page"}],"author":[{"embeddable":true,"href":"https:\/\/elsdyrlokken.dk\/index.php?rest_route=\/wp\/v2\/users\/1"}],"replies":[{"embeddable":true,"href":"https:\/\/elsdyrlokken.dk\/index.php?rest_route=%2Fwp%2Fv2%2Fcomments&post=13"}],"version-history":[{"count":21,"href":"https:\/\/elsdyrlokken.dk\/index.php?rest_route=\/wp\/v2\/pages\/13\/revisions"}],"predecessor-version":[{"id":178,"href":"https:\/\/elsdyrlokken.dk\/index.php?rest_route=\/wp\/v2\/pages\/13\/revisions\/178"}],"wp:attachment":[{"href":"https:\/\/elsdyrlokken.dk\/index.php?rest_route=%2Fwp%2Fv2%2Fmedia&parent=13"}],"curies":[{"name":"wp","href":"https:\/\/api.w.org\/{rel}","templated":true}]}}